{"id":1644,"date":"2024-10-09T08:57:20","date_gmt":"2024-10-09T06:57:20","guid":{"rendered":"https:\/\/www.jacquesphilippedeco.fr\/?page_id=1644"},"modified":"2024-10-09T09:05:52","modified_gmt":"2024-10-09T07:05:52","slug":"mentions-legales","status":"publish","type":"page","link":"https:\/\/www.jacquesphilippedeco.fr\/index.php\/mentions-legales\/","title":{"rendered":"Mentions l\u00e9gales"},"content":{"rendered":"\t\t<div data-elementor-type=\"wp-page\" data-elementor-id=\"1644\" class=\"elementor elementor-1644\">\n\t\t\t\t\t\t<section class=\"elementor-section elementor-top-section elementor-element elementor-element-0fdaa65 elementor-section-boxed elementor-section-height-default elementor-section-height-default\" data-id=\"0fdaa65\" data-element_type=\"section\">\n\t\t\t\t\t\t<div class=\"elementor-container elementor-column-gap-default\">\n\t\t\t\t\t<div class=\"elementor-column elementor-col-100 elementor-top-column elementor-element elementor-element-597e110\" data-id=\"597e110\" data-element_type=\"column\">\n\t\t\t<div class=\"elementor-widget-wrap elementor-element-populated\">\n\t\t\t\t\t\t<div class=\"elementor-element elementor-element-aee40ba elementor-widget-divider--view-line elementor-widget elementor-widget-divider\" data-id=\"aee40ba\" data-element_type=\"widget\" data-widget_type=\"divider.default\">\n\t\t\t\t<div class=\"elementor-widget-container\">\n\t\t\t\t\t<div class=\"elementor-divider\">\n\t\t\t<span class=\"elementor-divider-separator\">\n\t\t\t\t\t\t<\/span>\n\t\t<\/div>\n\t\t\t\t<\/div>\n\t\t\t\t<\/div>\n\t\t\t\t<div class=\"elementor-element elementor-element-9ad57b6 elementor-widget elementor-widget-heading\" data-id=\"9ad57b6\" data-element_type=\"widget\" data-widget_type=\"heading.default\">\n\t\t\t\t<div class=\"elementor-widget-container\">\n\t\t\t<h1 class=\"elementor-heading-title elementor-size-default\">Mentions l\u00e9gales<\/h1>\t\t<\/div>\n\t\t\t\t<\/div>\n\t\t\t\t<div class=\"elementor-element elementor-element-10facaa elementor-widget-divider--view-line elementor-widget elementor-widget-divider\" data-id=\"10facaa\" data-element_type=\"widget\" data-widget_type=\"divider.default\">\n\t\t\t\t<div class=\"elementor-widget-container\">\n\t\t\t\t\t<div class=\"elementor-divider\">\n\t\t\t<span class=\"elementor-divider-separator\">\n\t\t\t\t\t\t<\/span>\n\t\t<\/div>\n\t\t\t\t<\/div>\n\t\t\t\t<\/div>\n\t\t\t\t\t<\/div>\n\t\t<\/div>\n\t\t\t\t\t<\/div>\n\t\t<\/section>\n\t\t\t\t<section class=\"elementor-section elementor-top-section elementor-element elementor-element-43937e1 elementor-section-boxed elementor-section-height-default elementor-section-height-default\" data-id=\"43937e1\" data-element_type=\"section\">\n\t\t\t\t\t\t<div class=\"elementor-container elementor-column-gap-default\">\n\t\t\t\t\t<div class=\"elementor-column elementor-col-100 elementor-top-column elementor-element elementor-element-92820f9\" data-id=\"92820f9\" data-element_type=\"column\">\n\t\t\t<div class=\"elementor-widget-wrap elementor-element-populated\">\n\t\t\t\t\t\t<div class=\"elementor-element elementor-element-e5cc201 elementor-widget elementor-widget-text-editor\" data-id=\"e5cc201\" data-element_type=\"widget\" data-widget_type=\"text-editor.default\">\n\t\t\t\t<div class=\"elementor-widget-container\">\n\t\t\t\t\t\t\t<p>En application de la loi n\u00b02004-575 du 21 juin 2004 relative \u00e0 la confiance dans l&rsquo;\u00e9conomie num\u00e9rique, vous trouverez ci-dessous les informations l\u00e9gales concernant ce site :<\/p><p>Protection des donn\u00e9es personnelles<br \/>Conform\u00e9ment \u00e0 la loi Informatique et Libert\u00e9s du 6 janvier 1978 (art. 34), vous disposez d&rsquo;un droit d&rsquo;acc\u00e8s, de rectification ou de suppression concernant les donn\u00e9es personnelles que nous pourrions \u00eatre amen\u00e9s \u00e0 recueillir (donn\u00e9es renseign\u00e9es par vous).<\/p><p>Droits d&rsquo;auteur<br \/>Tous les articles et documents de ce site sont sous licence Creative Commons. Vous pouvez les t\u00e9l\u00e9charger et les utiliser \u00e0 des fins p\u00e9dagogiques. Nous vous demandons de conserver la source.<br \/>Malgr\u00e9 tous les soins apport\u00e9s \u00e0 la r\u00e9alisation de ce site et \u00e0 son actualisation r\u00e9guli\u00e8re, des erreurs peuvent s&rsquo;\u00eatre gliss\u00e9es dans les informations et\/ou documents pr\u00e9sent\u00e9s. Si vous en constatez n&rsquo;h\u00e9sitez pas \u00e0 nous le faire savoir en nous contactant, nous proc\u00e9derons aux rectifications correspondantes.<\/p><p>Liens hypertextes<br \/>Ce site contient des liens hypertextes permettant l&rsquo;acc\u00e8s \u00e0 des sites qui ne sont pas \u00e9dit\u00e9s par le responsable de ce site.<br \/>En cons\u00e9quence le directeur de publication ne saurait \u00eatre tenu pour responsable du contenu des sites auxquels l&rsquo;internaute aurait ainsi acc\u00e8s.<\/p><p>\u00c9diteur responsable<br \/>Le pr\u00e9sent site est la propri\u00e9t\u00e9 de Jacques Philippe<br \/>Le webmaster est l&rsquo;\u00e9quipe de <a href=\"https:\/\/www.kreazone.fr\/\">Kreazone<\/a><\/p><p>R\u00e9alisation, h\u00e9bergement du site<br \/>Le site est r\u00e9alis\u00e9 par <a href=\"https:\/\/www.kreazone.fr\/\">Kreazone<\/a><br \/>Il est h\u00e9berg\u00e9 par :<\/p><p>Gestion \u00e9ditoriale<br \/>La gestion \u00e9ditoriale du site est assur\u00e9e par Jacques Philippe<\/p>\t\t\t\t\t\t<\/div>\n\t\t\t\t<\/div>\n\t\t\t\t\t<\/div>\n\t\t<\/div>\n\t\t\t\t\t<\/div>\n\t\t<\/section>\n\t\t\t\t<\/div>\n\t\t","protected":false},"excerpt":{"rendered":"<p>Mentions l\u00e9gales En application de la loi n\u00b02004-575 du 21 juin 2004 relative \u00e0 la confiance dans l&rsquo;\u00e9conomie num\u00e9rique, vous trouverez ci-dessous les informations l\u00e9gales concernant ce site : Protection des donn\u00e9es personnellesConform\u00e9ment \u00e0 la loi Informatique et Libert\u00e9s du 6 janvier 1978 (art. 34), vous disposez d&rsquo;un droit d&rsquo;acc\u00e8s, de rectification ou de suppression [&hellip;]<\/p>\n","protected":false},"author":1,"featured_media":0,"parent":0,"menu_order":0,"comment_status":"closed","ping_status":"closed","template":"elementor_header_footer","meta":{"footnotes":""},"class_list":["post-1644","page","type-page","status-publish","hentry","entry"],"_links":{"self":[{"href":"https:\/\/www.jacquesphilippedeco.fr\/index.php\/wp-json\/wp\/v2\/pages\/1644","targetHints":{"allow":["GET"]}}],"collection":[{"href":"https:\/\/www.jacquesphilippedeco.fr\/index.php\/wp-json\/wp\/v2\/pages"}],"about":[{"href":"https:\/\/www.jacquesphilippedeco.fr\/index.php\/wp-json\/wp\/v2\/types\/page"}],"author":[{"embeddable":true,"href":"https:\/\/www.jacquesphilippedeco.fr\/index.php\/wp-json\/wp\/v2\/users\/1"}],"replies":[{"embeddable":true,"href":"https:\/\/www.jacquesphilippedeco.fr\/index.php\/wp-json\/wp\/v2\/comments?post=1644"}],"version-history":[{"count":11,"href":"https:\/\/www.jacquesphilippedeco.fr\/index.php\/wp-json\/wp\/v2\/pages\/1644\/revisions"}],"predecessor-version":[{"id":1656,"href":"https:\/\/www.jacquesphilippedeco.fr\/index.php\/wp-json\/wp\/v2\/pages\/1644\/revisions\/1656"}],"wp:attachment":[{"href":"https:\/\/www.jacquesphilippedeco.fr\/index.php\/wp-json\/wp\/v2\/media?parent=1644"}],"curies":[{"name":"wp","href":"https:\/\/api.w.org\/{rel}","templated":true}]}}